{"id":606,"date":"2020-03-30T13:02:29","date_gmt":"2020-03-30T13:02:29","guid":{"rendered":"https:\/\/royaldoor.com.ar\/home\/?post_type=product&#038;p=606"},"modified":"2024-02-07T12:17:50","modified_gmt":"2024-02-07T12:17:50","slug":"cama-cucheta-fija","status":"publish","type":"product","link":"https:\/\/royaldoor.com.ar\/home\/producto\/cama-cucheta-fija\/","title":{"rendered":"Cama Cucheta De Hierro Fija"},"content":{"rendered":"<p>CAMA SUPERPUESTA CUCHETA CA\u00d1O 3 PULGADAS FIJA<br \/>\n_______________________________________________________<\/p>\n<p>GARANT\u00cdA POR 6 MESES | Todos los medios de pago | Factura A y B<br \/>\n_______________________________________________________<\/p>\n<p>ESPECIFICACIONES T\u00c9CNICAS:<br \/>\n\u2013 Ensamblado muy sencillo<br \/>\n\u2013 Ca\u00f1o reforzado 3 pulgadas<br \/>\n\u2013 Pintada al horno con pintura epoxi termocontra\u00edble<br \/>\n\u2013 Medidas:<br \/>\nAncho: 80 cm<br \/>\nAlto: 146 cm<br \/>\nLargo: 190 cm<br \/>\nDel piso a la primera cama: 35 cm<br \/>\nEntre las dos camas: 70 cm<br \/>\n\u2013 Viene en Negro, Blanco, Rojo, Azul o Gris.<br \/>\n\u2013 Fabricante directo<\/p>\n<p>______________________________________________________<\/p>\n<p>*ENV\u00cdOS: PROPIOS A TRAV\u00c9S DE NUESTRA FLOTA DE CAMIONES.<\/p>\n<p>*RETIRA: DE LUNES A VIERNES DE 8 A 5 PM POR PONTEVEDRA, MERLO.<\/p>\n","protected":false},"excerpt":{"rendered":"<p>CAMA SUPERPUESTA CUCHETA CA\u00d1O 3 PULGADAS FIJA _______________________________________________________ GARANT\u00cdA POR 6 MESES | Todos los medios de pago | Factura A y B _______________________________________________________ ESPECIFICACIONES T\u00c9CNICAS: \u2013 Ensamblado muy sencillo \u2013 Ca\u00f1o reforzado 3 pulgadas \u2013 Pintada al horno con pintura epoxi termocontra\u00edble \u2013 Medidas: Ancho: 80 cm Alto: 146 cm Largo: 190 cm Del [&#8230;]\n","protected":false},"featured_media":608,"template":"","meta":{"_joinchat":{"telephone":"+542204923665","message_text":"\u00a1Env\u00edenos su consulta y con gusto le responderemos!","message_send":"\u00a1Hola!\nMe gustar\u00eda obtener m\u00e1s informaci\u00f3n sobre {PRODUCT} por favor."}},"yoast_head":"<!-- This site is optimized with the Yoast SEO plugin v22.7 - https:\/\/yoast.com\/wordpress\/plugins\/seo\/ -->\n<title>Cama Cucheta De Hierro Fija - RoyalDoor<\/title>\n<meta name=\"description\" content=\"Cama Cucheta De Hierro Fija - Fabricante directo - RoyalDoor\" \/>\n<meta name=\"robots\" content=\"index, follow, max-snippet:-1, max-image-preview:large, max-video-preview:-1\" \/>\n<link rel=\"canonical\" href=\"https:\/\/royaldoor.com.ar\/home\/producto\/cama-cucheta-fija\/\" \/>\n<meta property=\"og:locale\" content=\"es_ES\" \/>\n<meta property=\"og:type\" content=\"article\" \/>\n<meta property=\"og:title\" content=\"Cama Cucheta De Hierro Fija - RoyalDoor\" \/>\n<meta property=\"og:description\" content=\"Cama Cucheta De Hierro Fija - Fabricante directo - RoyalDoor\" \/>\n<meta property=\"og:url\" content=\"https:\/\/royaldoor.com.ar\/home\/producto\/cama-cucheta-fija\/\" \/>\n<meta property=\"og:site_name\" content=\"RoyalDoor\" \/>\n<meta property=\"article:modified_time\" content=\"2024-02-07T12:17:50+00:00\" \/>\n<meta property=\"og:image\" content=\"https:\/\/royaldoor.com.ar\/home\/wp-content\/uploads\/cama-desarrollo-social-300x300-1.jpg\" \/>\n\t<meta property=\"og:image:width\" content=\"304\" \/>\n\t<meta property=\"og:image:height\" content=\"300\" \/>\n\t<meta property=\"og:image:type\" content=\"image\/jpeg\" \/>\n<meta name=\"twitter:card\" content=\"summary_large_image\" \/>\n<script type=\"application\/ld+json\" class=\"yoast-schema-graph\">{\"@context\":\"https:\/\/schema.org\",\"@graph\":[{\"@type\":\"WebPage\",\"@id\":\"https:\/\/royaldoor.com.ar\/home\/producto\/cama-cucheta-fija\/\",\"url\":\"https:\/\/royaldoor.com.ar\/home\/producto\/cama-cucheta-fija\/\",\"name\":\"Cama Cucheta De Hierro Fija - RoyalDoor\",\"isPartOf\":{\"@id\":\"https:\/\/royaldoor.com.ar\/home\/#website\"},\"primaryImageOfPage\":{\"@id\":\"https:\/\/royaldoor.com.ar\/home\/producto\/cama-cucheta-fija\/#primaryimage\"},\"image\":{\"@id\":\"https:\/\/royaldoor.com.ar\/home\/producto\/cama-cucheta-fija\/#primaryimage\"},\"thumbnailUrl\":\"https:\/\/royaldoor.com.ar\/home\/wp-content\/uploads\/cama-desarrollo-social-300x300-1.jpg\",\"datePublished\":\"2020-03-30T13:02:29+00:00\",\"dateModified\":\"2024-02-07T12:17:50+00:00\",\"description\":\"Cama Cucheta De Hierro Fija - Fabricante directo - RoyalDoor\",\"breadcrumb\":{\"@id\":\"https:\/\/royaldoor.com.ar\/home\/producto\/cama-cucheta-fija\/#breadcrumb\"},\"inLanguage\":\"es\",\"potentialAction\":[{\"@type\":\"ReadAction\",\"target\":[\"https:\/\/royaldoor.com.ar\/home\/producto\/cama-cucheta-fija\/\"]}]},{\"@type\":\"ImageObject\",\"inLanguage\":\"es\",\"@id\":\"https:\/\/royaldoor.com.ar\/home\/producto\/cama-cucheta-fija\/#primaryimage\",\"url\":\"https:\/\/royaldoor.com.ar\/home\/wp-content\/uploads\/cama-desarrollo-social-300x300-1.jpg\",\"contentUrl\":\"https:\/\/royaldoor.com.ar\/home\/wp-content\/uploads\/cama-desarrollo-social-300x300-1.jpg\",\"width\":304,\"height\":300},{\"@type\":\"BreadcrumbList\",\"@id\":\"https:\/\/royaldoor.com.ar\/home\/producto\/cama-cucheta-fija\/#breadcrumb\",\"itemListElement\":[{\"@type\":\"ListItem\",\"position\":1,\"name\":\"Portada\",\"item\":\"https:\/\/royaldoor.com.ar\/home\/\"},{\"@type\":\"ListItem\",\"position\":2,\"name\":\"Productos\",\"item\":\"https:\/\/royaldoor.com.ar\/home\/productos\/\"},{\"@type\":\"ListItem\",\"position\":3,\"name\":\"Cama Cucheta De Hierro Fija\"}]},{\"@type\":\"WebSite\",\"@id\":\"https:\/\/royaldoor.com.ar\/home\/#website\",\"url\":\"https:\/\/royaldoor.com.ar\/home\/\",\"name\":\"RoyalDoor\",\"description\":\"F\u00e1brica de muebles\",\"potentialAction\":[{\"@type\":\"SearchAction\",\"target\":{\"@type\":\"EntryPoint\",\"urlTemplate\":\"https:\/\/royaldoor.com.ar\/home\/?s={search_term_string}\"},\"query-input\":\"required name=search_term_string\"}],\"inLanguage\":\"es\"}]}<\/script>\n<!-- \/ Yoast SEO plugin. -->","yoast_head_json":{"title":"Cama Cucheta De Hierro Fija - RoyalDoor","description":"Cama Cucheta De Hierro Fija - Fabricante directo - RoyalDoor","robots":{"index":"index","follow":"follow","max-snippet":"max-snippet:-1","max-image-preview":"max-image-preview:large","max-video-preview":"max-video-preview:-1"},"canonical":"https:\/\/royaldoor.com.ar\/home\/producto\/cama-cucheta-fija\/","og_locale":"es_ES","og_type":"article","og_title":"Cama Cucheta De Hierro Fija - RoyalDoor","og_description":"Cama Cucheta De Hierro Fija - Fabricante directo - RoyalDoor","og_url":"https:\/\/royaldoor.com.ar\/home\/producto\/cama-cucheta-fija\/","og_site_name":"RoyalDoor","article_modified_time":"2024-02-07T12:17:50+00:00","og_image":[{"width":304,"height":300,"url":"https:\/\/royaldoor.com.ar\/home\/wp-content\/uploads\/cama-desarrollo-social-300x300-1.jpg","type":"image\/jpeg"}],"twitter_card":"summary_large_image","schema":{"@context":"https:\/\/schema.org","@graph":[{"@type":"WebPage","@id":"https:\/\/royaldoor.com.ar\/home\/producto\/cama-cucheta-fija\/","url":"https:\/\/royaldoor.com.ar\/home\/producto\/cama-cucheta-fija\/","name":"Cama Cucheta De Hierro Fija - RoyalDoor","isPartOf":{"@id":"https:\/\/royaldoor.com.ar\/home\/#website"},"primaryImageOfPage":{"@id":"https:\/\/royaldoor.com.ar\/home\/producto\/cama-cucheta-fija\/#primaryimage"},"image":{"@id":"https:\/\/royaldoor.com.ar\/home\/producto\/cama-cucheta-fija\/#primaryimage"},"thumbnailUrl":"https:\/\/royaldoor.com.ar\/home\/wp-content\/uploads\/cama-desarrollo-social-300x300-1.jpg","datePublished":"2020-03-30T13:02:29+00:00","dateModified":"2024-02-07T12:17:50+00:00","description":"Cama Cucheta De Hierro Fija - Fabricante directo - RoyalDoor","breadcrumb":{"@id":"https:\/\/royaldoor.com.ar\/home\/producto\/cama-cucheta-fija\/#breadcrumb"},"inLanguage":"es","potentialAction":[{"@type":"ReadAction","target":["https:\/\/royaldoor.com.ar\/home\/producto\/cama-cucheta-fija\/"]}]},{"@type":"ImageObject","inLanguage":"es","@id":"https:\/\/royaldoor.com.ar\/home\/producto\/cama-cucheta-fija\/#primaryimage","url":"https:\/\/royaldoor.com.ar\/home\/wp-content\/uploads\/cama-desarrollo-social-300x300-1.jpg","contentUrl":"https:\/\/royaldoor.com.ar\/home\/wp-content\/uploads\/cama-desarrollo-social-300x300-1.jpg","width":304,"height":300},{"@type":"BreadcrumbList","@id":"https:\/\/royaldoor.com.ar\/home\/producto\/cama-cucheta-fija\/#breadcrumb","itemListElement":[{"@type":"ListItem","position":1,"name":"Portada","item":"https:\/\/royaldoor.com.ar\/home\/"},{"@type":"ListItem","position":2,"name":"Productos","item":"https:\/\/royaldoor.com.ar\/home\/productos\/"},{"@type":"ListItem","position":3,"name":"Cama Cucheta De Hierro Fija"}]},{"@type":"WebSite","@id":"https:\/\/royaldoor.com.ar\/home\/#website","url":"https:\/\/royaldoor.com.ar\/home\/","name":"RoyalDoor","description":"F\u00e1brica de muebles","potentialAction":[{"@type":"SearchAction","target":{"@type":"EntryPoint","urlTemplate":"https:\/\/royaldoor.com.ar\/home\/?s={search_term_string}"},"query-input":"required name=search_term_string"}],"inLanguage":"es"}]}},"_links":{"self":[{"href":"https:\/\/royaldoor.com.ar\/home\/wp-json\/wp\/v2\/product\/606"}],"collection":[{"href":"https:\/\/royaldoor.com.ar\/home\/wp-json\/wp\/v2\/product"}],"about":[{"href":"https:\/\/royaldoor.com.ar\/home\/wp-json\/wp\/v2\/types\/product"}],"wp:featuredmedia":[{"embeddable":true,"href":"https:\/\/royaldoor.com.ar\/home\/wp-json\/wp\/v2\/media\/608"}],"wp:attachment":[{"href":"https:\/\/royaldoor.com.ar\/home\/wp-json\/wp\/v2\/media?parent=606"}],"curies":[{"name":"wp","href":"https:\/\/api.w.org\/{rel}","templated":true}]}}