{"id":463,"date":"2019-06-12T14:25:10","date_gmt":"2019-06-12T14:25:10","guid":{"rendered":"https:\/\/royaldoor.com.ar\/home\/?post_type=product&#038;p=463"},"modified":"2019-07-03T13:59:31","modified_gmt":"2019-07-03T13:59:31","slug":"tandem-metalico","status":"publish","type":"product","link":"https:\/\/royaldoor.com.ar\/home\/producto\/tandem-metalico\/","title":{"rendered":"Tandem Metalico"},"content":{"rendered":"<p>Tandem Metalico<\/p>\n<p>Estructura de patas en ca\u00f1o de perfil cuadrado 40 x 40 x 1,2 mm<br \/>\nRespaldos constru\u00eddos con ca\u00f1o oval plano de 30 x 14 x 1,2 mm<br \/>\nAsientos y respaldos de chapa perforada de 3 mm con curvatura anat\u00f3mica.<br \/>\nConfiguraciones desde dos a cinco posiciones de asiento.<br \/>\nColores vivos y cl\u00e1sicos, adaptables a cualquier ambiente<\/p>\n","protected":false},"excerpt":{"rendered":"<p>Tandem Metalico Estructura de patas en ca\u00f1o de perfil cuadrado 40 x 40 x 1,2 mm Respaldos constru\u00eddos con ca\u00f1o oval plano de 30 x 14 x 1,2 mm Asientos y respaldos de chapa perforada de 3 mm con curvatura anat\u00f3mica. Configuraciones desde dos a cinco posiciones de asiento. Colores vivos y cl\u00e1sicos, adaptables a [&#8230;]\n","protected":false},"featured_media":528,"template":"","meta":{"_joinchat":[]},"yoast_head":"<!-- This site is optimized with the Yoast SEO plugin v22.7 - https:\/\/yoast.com\/wordpress\/plugins\/seo\/ -->\n<title>Tandem Metalico - RoyalDoor<\/title>\n<meta name=\"robots\" content=\"index, follow, max-snippet:-1, max-image-preview:large, max-video-preview:-1\" \/>\n<link rel=\"canonical\" href=\"https:\/\/royaldoor.com.ar\/home\/producto\/tandem-metalico\/\" \/>\n<meta property=\"og:locale\" content=\"es_ES\" \/>\n<meta property=\"og:type\" content=\"article\" \/>\n<meta property=\"og:title\" content=\"Tandem Metalico - RoyalDoor\" \/>\n<meta property=\"og:description\" content=\"Tandem Metalico Estructura de patas en ca\u00f1o de perfil cuadrado 40 x 40 x 1,2 mm Respaldos constru\u00eddos con ca\u00f1o oval plano de 30 x 14 x 1,2 mm Asientos y respaldos de chapa perforada de 3 mm con curvatura anat\u00f3mica. Configuraciones desde dos a cinco posiciones de asiento. Colores vivos y cl\u00e1sicos, adaptables a [...]\" \/>\n<meta property=\"og:url\" content=\"https:\/\/royaldoor.com.ar\/home\/producto\/tandem-metalico\/\" \/>\n<meta property=\"og:site_name\" content=\"RoyalDoor\" \/>\n<meta property=\"article:modified_time\" content=\"2019-07-03T13:59:31+00:00\" \/>\n<meta property=\"og:image\" content=\"https:\/\/royaldoor.com.ar\/home\/wp-content\/uploads\/Tandem-ROYAL-blanco-x-3-bl-300x300.jpg\" \/>\n\t<meta property=\"og:image:width\" content=\"886\" \/>\n\t<meta property=\"og:image:height\" content=\"886\" \/>\n\t<meta property=\"og:image:type\" content=\"image\/jpeg\" \/>\n<meta name=\"twitter:card\" content=\"summary_large_image\" \/>\n<script type=\"application\/ld+json\" class=\"yoast-schema-graph\">{\"@context\":\"https:\/\/schema.org\",\"@graph\":[{\"@type\":\"WebPage\",\"@id\":\"https:\/\/royaldoor.com.ar\/home\/producto\/tandem-metalico\/\",\"url\":\"https:\/\/royaldoor.com.ar\/home\/producto\/tandem-metalico\/\",\"name\":\"Tandem Metalico - RoyalDoor\",\"isPartOf\":{\"@id\":\"https:\/\/royaldoor.com.ar\/home\/#website\"},\"primaryImageOfPage\":{\"@id\":\"https:\/\/royaldoor.com.ar\/home\/producto\/tandem-metalico\/#primaryimage\"},\"image\":{\"@id\":\"https:\/\/royaldoor.com.ar\/home\/producto\/tandem-metalico\/#primaryimage\"},\"thumbnailUrl\":\"https:\/\/royaldoor.com.ar\/home\/wp-content\/uploads\/Tandem-ROYAL-blanco-x-3-bl-300x300.jpg\",\"datePublished\":\"2019-06-12T14:25:10+00:00\",\"dateModified\":\"2019-07-03T13:59:31+00:00\",\"breadcrumb\":{\"@id\":\"https:\/\/royaldoor.com.ar\/home\/producto\/tandem-metalico\/#breadcrumb\"},\"inLanguage\":\"es\",\"potentialAction\":[{\"@type\":\"ReadAction\",\"target\":[\"https:\/\/royaldoor.com.ar\/home\/producto\/tandem-metalico\/\"]}]},{\"@type\":\"ImageObject\",\"inLanguage\":\"es\",\"@id\":\"https:\/\/royaldoor.com.ar\/home\/producto\/tandem-metalico\/#primaryimage\",\"url\":\"https:\/\/royaldoor.com.ar\/home\/wp-content\/uploads\/Tandem-ROYAL-blanco-x-3-bl-300x300.jpg\",\"contentUrl\":\"https:\/\/royaldoor.com.ar\/home\/wp-content\/uploads\/Tandem-ROYAL-blanco-x-3-bl-300x300.jpg\",\"width\":886,\"height\":886},{\"@type\":\"BreadcrumbList\",\"@id\":\"https:\/\/royaldoor.com.ar\/home\/producto\/tandem-metalico\/#breadcrumb\",\"itemListElement\":[{\"@type\":\"ListItem\",\"position\":1,\"name\":\"Portada\",\"item\":\"https:\/\/royaldoor.com.ar\/home\/\"},{\"@type\":\"ListItem\",\"position\":2,\"name\":\"Productos\",\"item\":\"https:\/\/royaldoor.com.ar\/home\/productos\/\"},{\"@type\":\"ListItem\",\"position\":3,\"name\":\"Tandem Metalico\"}]},{\"@type\":\"WebSite\",\"@id\":\"https:\/\/royaldoor.com.ar\/home\/#website\",\"url\":\"https:\/\/royaldoor.com.ar\/home\/\",\"name\":\"RoyalDoor\",\"description\":\"F\u00e1brica de muebles\",\"potentialAction\":[{\"@type\":\"SearchAction\",\"target\":{\"@type\":\"EntryPoint\",\"urlTemplate\":\"https:\/\/royaldoor.com.ar\/home\/?s={search_term_string}\"},\"query-input\":\"required name=search_term_string\"}],\"inLanguage\":\"es\"}]}<\/script>\n<!-- \/ Yoast SEO plugin. -->","yoast_head_json":{"title":"Tandem Metalico - RoyalDoor","robots":{"index":"index","follow":"follow","max-snippet":"max-snippet:-1","max-image-preview":"max-image-preview:large","max-video-preview":"max-video-preview:-1"},"canonical":"https:\/\/royaldoor.com.ar\/home\/producto\/tandem-metalico\/","og_locale":"es_ES","og_type":"article","og_title":"Tandem Metalico - RoyalDoor","og_description":"Tandem Metalico Estructura de patas en ca\u00f1o de perfil cuadrado 40 x 40 x 1,2 mm Respaldos constru\u00eddos con ca\u00f1o oval plano de 30 x 14 x 1,2 mm Asientos y respaldos de chapa perforada de 3 mm con curvatura anat\u00f3mica. Configuraciones desde dos a cinco posiciones de asiento. Colores vivos y cl\u00e1sicos, adaptables a [...]","og_url":"https:\/\/royaldoor.com.ar\/home\/producto\/tandem-metalico\/","og_site_name":"RoyalDoor","article_modified_time":"2019-07-03T13:59:31+00:00","og_image":[{"width":886,"height":886,"url":"https:\/\/royaldoor.com.ar\/home\/wp-content\/uploads\/Tandem-ROYAL-blanco-x-3-bl-300x300.jpg","type":"image\/jpeg"}],"twitter_card":"summary_large_image","schema":{"@context":"https:\/\/schema.org","@graph":[{"@type":"WebPage","@id":"https:\/\/royaldoor.com.ar\/home\/producto\/tandem-metalico\/","url":"https:\/\/royaldoor.com.ar\/home\/producto\/tandem-metalico\/","name":"Tandem Metalico - RoyalDoor","isPartOf":{"@id":"https:\/\/royaldoor.com.ar\/home\/#website"},"primaryImageOfPage":{"@id":"https:\/\/royaldoor.com.ar\/home\/producto\/tandem-metalico\/#primaryimage"},"image":{"@id":"https:\/\/royaldoor.com.ar\/home\/producto\/tandem-metalico\/#primaryimage"},"thumbnailUrl":"https:\/\/royaldoor.com.ar\/home\/wp-content\/uploads\/Tandem-ROYAL-blanco-x-3-bl-300x300.jpg","datePublished":"2019-06-12T14:25:10+00:00","dateModified":"2019-07-03T13:59:31+00:00","breadcrumb":{"@id":"https:\/\/royaldoor.com.ar\/home\/producto\/tandem-metalico\/#breadcrumb"},"inLanguage":"es","potentialAction":[{"@type":"ReadAction","target":["https:\/\/royaldoor.com.ar\/home\/producto\/tandem-metalico\/"]}]},{"@type":"ImageObject","inLanguage":"es","@id":"https:\/\/royaldoor.com.ar\/home\/producto\/tandem-metalico\/#primaryimage","url":"https:\/\/royaldoor.com.ar\/home\/wp-content\/uploads\/Tandem-ROYAL-blanco-x-3-bl-300x300.jpg","contentUrl":"https:\/\/royaldoor.com.ar\/home\/wp-content\/uploads\/Tandem-ROYAL-blanco-x-3-bl-300x300.jpg","width":886,"height":886},{"@type":"BreadcrumbList","@id":"https:\/\/royaldoor.com.ar\/home\/producto\/tandem-metalico\/#breadcrumb","itemListElement":[{"@type":"ListItem","position":1,"name":"Portada","item":"https:\/\/royaldoor.com.ar\/home\/"},{"@type":"ListItem","position":2,"name":"Productos","item":"https:\/\/royaldoor.com.ar\/home\/productos\/"},{"@type":"ListItem","position":3,"name":"Tandem Metalico"}]},{"@type":"WebSite","@id":"https:\/\/royaldoor.com.ar\/home\/#website","url":"https:\/\/royaldoor.com.ar\/home\/","name":"RoyalDoor","description":"F\u00e1brica de muebles","potentialAction":[{"@type":"SearchAction","target":{"@type":"EntryPoint","urlTemplate":"https:\/\/royaldoor.com.ar\/home\/?s={search_term_string}"},"query-input":"required name=search_term_string"}],"inLanguage":"es"}]}},"_links":{"self":[{"href":"https:\/\/royaldoor.com.ar\/home\/wp-json\/wp\/v2\/product\/463"}],"collection":[{"href":"https:\/\/royaldoor.com.ar\/home\/wp-json\/wp\/v2\/product"}],"about":[{"href":"https:\/\/royaldoor.com.ar\/home\/wp-json\/wp\/v2\/types\/product"}],"wp:featuredmedia":[{"embeddable":true,"href":"https:\/\/royaldoor.com.ar\/home\/wp-json\/wp\/v2\/media\/528"}],"wp:attachment":[{"href":"https:\/\/royaldoor.com.ar\/home\/wp-json\/wp\/v2\/media?parent=463"}],"curies":[{"name":"wp","href":"https:\/\/api.w.org\/{rel}","templated":true}]}}