{"id":285,"date":"2019-05-07T14:04:28","date_gmt":"2019-05-07T14:04:28","guid":{"rendered":"https:\/\/royaldoor.com.ar\/home\/?post_type=product&#038;p=285"},"modified":"2025-11-06T17:39:14","modified_gmt":"2025-11-06T17:39:14","slug":"mesa-rectangular-de-jardin","status":"publish","type":"product","link":"https:\/\/royaldoor.com.ar\/home\/producto\/mesa-rectangular-de-jardin\/","title":{"rendered":"Mesa Rectangular de Jard\u00edn Infantes"},"content":{"rendered":"<p>Mesa Rectangular de Jard\u00edn de Infantes<br \/>\n_______________________________________________________<\/p>\n<p>GARANT\u00cdA POR 6 MESES | Todos los medios de pago | Factura A y B<\/p>\n<p>_______________________________________________________<\/p>\n<p>ESPECIFICACIONES T\u00c9CNICAS<\/p>\n<p>\u2013 REFUERZO EN INTERIORES Y EXTERIORES<br \/>\n\u2013 MEDIDAS:<br \/>\n\u2013 Largo: 120 cm<br \/>\n\u2013 Ancho: 60 cm<br \/>\n\u2013 Altura: 42 cm<br \/>\n\u2013 BASE DE CA\u00d1O DE 1&#8243; 1\/4&#8243; REFORZADA<br \/>\n\u2013 PINTA EPOXI TERMOCONTRAIBLE<br \/>\n\u2013 SOLDADURA MIG.<br \/>\n\u2013 ESTRUCTURA EN BEIGE<br \/>\n\u2013 TAPA DE MULTILAMINADO O MELAMINA DE 18 MM. CANTOS REDONDEADOS, CANTOS LAQUEADOS.<br \/>\n\u2013 FABRICANTE DIRECTO<\/p>\n<p>______________________________________________________<\/p>\n<p>*ENV\u00cdOS: A TRAV\u00c9S DE NUESTRA FLOTA DE CAMIONES\u00a0 O FLETE A CARGO DEL COMPRADOR.<\/p>\n<p>*RETIRA: DE LUNES A VIERNES DE 8 A 5 PM POR PONTEVEDRA, MERLO.<\/p>\n","protected":false},"excerpt":{"rendered":"<p>Mesa Rectangular de Jard\u00edn de Infantes _______________________________________________________ GARANT\u00cdA POR 6 MESES | Todos los medios de pago | Factura A y B _______________________________________________________ ESPECIFICACIONES T\u00c9CNICAS \u2013 REFUERZO EN INTERIORES Y EXTERIORES \u2013 MEDIDAS: \u2013 Largo: 120 cm \u2013 Ancho: 60 cm \u2013 Altura: 42 cm \u2013 BASE DE CA\u00d1O DE 1&#8243; 1\/4&#8243; REFORZADA \u2013 PINTA [&#8230;]\n","protected":false},"featured_media":300,"template":"","meta":{"_joinchat":{"telephone":"+542204923665","message_text":"\u00a1Env\u00edenos su consulta y con gusto le responderemos!","message_send":"\u00a1Hola!\nEstoy en la p\u00e1gina de Royal Door y me gustar\u00eda obtener m\u00e1s informaci\u00f3n sobre {PRODUCT} por favor."}},"yoast_head":"<!-- This site is optimized with the Yoast SEO plugin v22.7 - https:\/\/yoast.com\/wordpress\/plugins\/seo\/ -->\n<title>Mesa Rectangular de Jard\u00edn Infantes - RoyalDoor<\/title>\n<meta name=\"robots\" content=\"index, follow, max-snippet:-1, max-image-preview:large, max-video-preview:-1\" \/>\n<link rel=\"canonical\" href=\"https:\/\/royaldoor.com.ar\/home\/producto\/mesa-rectangular-de-jardin\/\" \/>\n<meta property=\"og:locale\" content=\"es_ES\" \/>\n<meta property=\"og:type\" content=\"article\" \/>\n<meta property=\"og:title\" content=\"Mesa Rectangular de Jard\u00edn Infantes - RoyalDoor\" \/>\n<meta property=\"og:description\" content=\"Mesa Rectangular de Jard\u00edn de Infantes _______________________________________________________ GARANT\u00cdA POR 6 MESES | Todos los medios de pago | Factura A y B _______________________________________________________ ESPECIFICACIONES T\u00c9CNICAS \u2013 REFUERZO EN INTERIORES Y EXTERIORES \u2013 MEDIDAS: \u2013 Largo: 120 cm \u2013 Ancho: 60 cm \u2013 Altura: 42 cm \u2013 BASE DE CA\u00d1O DE 1&#8243; 1\/4&#8243; REFORZADA \u2013 PINTA [...]\" \/>\n<meta property=\"og:url\" content=\"https:\/\/royaldoor.com.ar\/home\/producto\/mesa-rectangular-de-jardin\/\" \/>\n<meta property=\"og:site_name\" content=\"RoyalDoor\" \/>\n<meta property=\"article:modified_time\" content=\"2025-11-06T17:39:14+00:00\" \/>\n<meta property=\"og:image\" content=\"https:\/\/royaldoor.com.ar\/home\/wp-content\/uploads\/mesa-nivel-inicial.jpg\" \/>\n\t<meta property=\"og:image:width\" content=\"407\" \/>\n\t<meta property=\"og:image:height\" content=\"353\" \/>\n\t<meta property=\"og:image:type\" content=\"image\/jpeg\" \/>\n<meta name=\"twitter:card\" content=\"summary_large_image\" \/>\n<script type=\"application\/ld+json\" class=\"yoast-schema-graph\">{\"@context\":\"https:\/\/schema.org\",\"@graph\":[{\"@type\":\"WebPage\",\"@id\":\"https:\/\/royaldoor.com.ar\/home\/producto\/mesa-rectangular-de-jardin\/\",\"url\":\"https:\/\/royaldoor.com.ar\/home\/producto\/mesa-rectangular-de-jardin\/\",\"name\":\"Mesa Rectangular de Jard\u00edn Infantes - RoyalDoor\",\"isPartOf\":{\"@id\":\"https:\/\/royaldoor.com.ar\/home\/#website\"},\"primaryImageOfPage\":{\"@id\":\"https:\/\/royaldoor.com.ar\/home\/producto\/mesa-rectangular-de-jardin\/#primaryimage\"},\"image\":{\"@id\":\"https:\/\/royaldoor.com.ar\/home\/producto\/mesa-rectangular-de-jardin\/#primaryimage\"},\"thumbnailUrl\":\"https:\/\/royaldoor.com.ar\/home\/wp-content\/uploads\/mesa-nivel-inicial.jpg\",\"datePublished\":\"2019-05-07T14:04:28+00:00\",\"dateModified\":\"2025-11-06T17:39:14+00:00\",\"breadcrumb\":{\"@id\":\"https:\/\/royaldoor.com.ar\/home\/producto\/mesa-rectangular-de-jardin\/#breadcrumb\"},\"inLanguage\":\"es\",\"potentialAction\":[{\"@type\":\"ReadAction\",\"target\":[\"https:\/\/royaldoor.com.ar\/home\/producto\/mesa-rectangular-de-jardin\/\"]}]},{\"@type\":\"ImageObject\",\"inLanguage\":\"es\",\"@id\":\"https:\/\/royaldoor.com.ar\/home\/producto\/mesa-rectangular-de-jardin\/#primaryimage\",\"url\":\"https:\/\/royaldoor.com.ar\/home\/wp-content\/uploads\/mesa-nivel-inicial.jpg\",\"contentUrl\":\"https:\/\/royaldoor.com.ar\/home\/wp-content\/uploads\/mesa-nivel-inicial.jpg\",\"width\":407,\"height\":353},{\"@type\":\"BreadcrumbList\",\"@id\":\"https:\/\/royaldoor.com.ar\/home\/producto\/mesa-rectangular-de-jardin\/#breadcrumb\",\"itemListElement\":[{\"@type\":\"ListItem\",\"position\":1,\"name\":\"Portada\",\"item\":\"https:\/\/royaldoor.com.ar\/home\/\"},{\"@type\":\"ListItem\",\"position\":2,\"name\":\"Productos\",\"item\":\"https:\/\/royaldoor.com.ar\/home\/productos\/\"},{\"@type\":\"ListItem\",\"position\":3,\"name\":\"Mesa Rectangular de Jard\u00edn Infantes\"}]},{\"@type\":\"WebSite\",\"@id\":\"https:\/\/royaldoor.com.ar\/home\/#website\",\"url\":\"https:\/\/royaldoor.com.ar\/home\/\",\"name\":\"RoyalDoor\",\"description\":\"F\u00e1brica de muebles\",\"potentialAction\":[{\"@type\":\"SearchAction\",\"target\":{\"@type\":\"EntryPoint\",\"urlTemplate\":\"https:\/\/royaldoor.com.ar\/home\/?s={search_term_string}\"},\"query-input\":\"required name=search_term_string\"}],\"inLanguage\":\"es\"}]}<\/script>\n<!-- \/ Yoast SEO plugin. -->","yoast_head_json":{"title":"Mesa Rectangular de Jard\u00edn Infantes - RoyalDoor","robots":{"index":"index","follow":"follow","max-snippet":"max-snippet:-1","max-image-preview":"max-image-preview:large","max-video-preview":"max-video-preview:-1"},"canonical":"https:\/\/royaldoor.com.ar\/home\/producto\/mesa-rectangular-de-jardin\/","og_locale":"es_ES","og_type":"article","og_title":"Mesa Rectangular de Jard\u00edn Infantes - RoyalDoor","og_description":"Mesa Rectangular de Jard\u00edn de Infantes _______________________________________________________ GARANT\u00cdA POR 6 MESES | Todos los medios de pago | Factura A y B _______________________________________________________ ESPECIFICACIONES T\u00c9CNICAS \u2013 REFUERZO EN INTERIORES Y EXTERIORES \u2013 MEDIDAS: \u2013 Largo: 120 cm \u2013 Ancho: 60 cm \u2013 Altura: 42 cm \u2013 BASE DE CA\u00d1O DE 1&#8243; 1\/4&#8243; REFORZADA \u2013 PINTA [...]","og_url":"https:\/\/royaldoor.com.ar\/home\/producto\/mesa-rectangular-de-jardin\/","og_site_name":"RoyalDoor","article_modified_time":"2025-11-06T17:39:14+00:00","og_image":[{"width":407,"height":353,"url":"https:\/\/royaldoor.com.ar\/home\/wp-content\/uploads\/mesa-nivel-inicial.jpg","type":"image\/jpeg"}],"twitter_card":"summary_large_image","schema":{"@context":"https:\/\/schema.org","@graph":[{"@type":"WebPage","@id":"https:\/\/royaldoor.com.ar\/home\/producto\/mesa-rectangular-de-jardin\/","url":"https:\/\/royaldoor.com.ar\/home\/producto\/mesa-rectangular-de-jardin\/","name":"Mesa Rectangular de Jard\u00edn Infantes - RoyalDoor","isPartOf":{"@id":"https:\/\/royaldoor.com.ar\/home\/#website"},"primaryImageOfPage":{"@id":"https:\/\/royaldoor.com.ar\/home\/producto\/mesa-rectangular-de-jardin\/#primaryimage"},"image":{"@id":"https:\/\/royaldoor.com.ar\/home\/producto\/mesa-rectangular-de-jardin\/#primaryimage"},"thumbnailUrl":"https:\/\/royaldoor.com.ar\/home\/wp-content\/uploads\/mesa-nivel-inicial.jpg","datePublished":"2019-05-07T14:04:28+00:00","dateModified":"2025-11-06T17:39:14+00:00","breadcrumb":{"@id":"https:\/\/royaldoor.com.ar\/home\/producto\/mesa-rectangular-de-jardin\/#breadcrumb"},"inLanguage":"es","potentialAction":[{"@type":"ReadAction","target":["https:\/\/royaldoor.com.ar\/home\/producto\/mesa-rectangular-de-jardin\/"]}]},{"@type":"ImageObject","inLanguage":"es","@id":"https:\/\/royaldoor.com.ar\/home\/producto\/mesa-rectangular-de-jardin\/#primaryimage","url":"https:\/\/royaldoor.com.ar\/home\/wp-content\/uploads\/mesa-nivel-inicial.jpg","contentUrl":"https:\/\/royaldoor.com.ar\/home\/wp-content\/uploads\/mesa-nivel-inicial.jpg","width":407,"height":353},{"@type":"BreadcrumbList","@id":"https:\/\/royaldoor.com.ar\/home\/producto\/mesa-rectangular-de-jardin\/#breadcrumb","itemListElement":[{"@type":"ListItem","position":1,"name":"Portada","item":"https:\/\/royaldoor.com.ar\/home\/"},{"@type":"ListItem","position":2,"name":"Productos","item":"https:\/\/royaldoor.com.ar\/home\/productos\/"},{"@type":"ListItem","position":3,"name":"Mesa Rectangular de Jard\u00edn Infantes"}]},{"@type":"WebSite","@id":"https:\/\/royaldoor.com.ar\/home\/#website","url":"https:\/\/royaldoor.com.ar\/home\/","name":"RoyalDoor","description":"F\u00e1brica de muebles","potentialAction":[{"@type":"SearchAction","target":{"@type":"EntryPoint","urlTemplate":"https:\/\/royaldoor.com.ar\/home\/?s={search_term_string}"},"query-input":"required name=search_term_string"}],"inLanguage":"es"}]}},"_links":{"self":[{"href":"https:\/\/royaldoor.com.ar\/home\/wp-json\/wp\/v2\/product\/285"}],"collection":[{"href":"https:\/\/royaldoor.com.ar\/home\/wp-json\/wp\/v2\/product"}],"about":[{"href":"https:\/\/royaldoor.com.ar\/home\/wp-json\/wp\/v2\/types\/product"}],"wp:featuredmedia":[{"embeddable":true,"href":"https:\/\/royaldoor.com.ar\/home\/wp-json\/wp\/v2\/media\/300"}],"wp:attachment":[{"href":"https:\/\/royaldoor.com.ar\/home\/wp-json\/wp\/v2\/media?parent=285"}],"curies":[{"name":"wp","href":"https:\/\/api.w.org\/{rel}","templated":true}]}}