{"id":144,"date":"2019-03-22T13:10:46","date_gmt":"2019-03-22T13:10:46","guid":{"rendered":"https:\/\/royaldoor.com.ar\/home\/?post_type=product&#038;p=144"},"modified":"2024-02-07T12:07:23","modified_gmt":"2024-02-07T12:07:23","slug":"pupitre-unipersonal-antigolpe","status":"publish","type":"product","link":"https:\/\/royaldoor.com.ar\/home\/producto\/pupitre-unipersonal-antigolpe\/","title":{"rendered":"Pupitre Unipersonal Antigolpe"},"content":{"rendered":"<p>PUPITRE UNIPERSONAL ANTIGOLPE<br \/>\n_______________________________________________________<\/p>\n<p>GARANT\u00cdA POR 6 MESES | Todos los medios de pago | Factura A y B<br \/>\n_______________________________________________________<\/p>\n<p>ESPECIFICACIONES T\u00c9CNICAS<\/p>\n<div>PUPITRE:<\/div>\n<div>&#8211; ESTRUCTURA DE CA\u00d1O 1&#8243; 1\/4&#8243; X 1.24 MM DE ESPESOR.<\/div>\n<div>\n<p>&#8211; TAPA DE 18 MM DE MULTILAMINADO CON LAMINADO PL\u00c1STICO EN SU PARTE SUPERIOR. CANTOS LAQUEADOS Y REDONDEADOS.<\/p>\n<div>&#8211; ESTRUCTURA EN COLOR BEIGE, NEGRO, GRIS O BLANCO.<\/div>\n<div>&#8211; <span style=\"color: #555555;\">CONTIENE REJILLA PORTA \u00daTILES<\/span><\/div>\n<\/div>\n<div>&#8211; PINTADO CON PINTURA EN POLVO EPOXI TERMOCONVERTIBLE HORNEADO A 220 GRADOS.<\/div>\n<div>&#8211; REGATONES ANTIDESLIZANTES Y REFORZADOS<\/div>\n<div>&#8211; MEDIDAS:<\/div>\n<div>ALTURA 75 CM<\/div>\n<div>ANCHO X LARGO: 64 x 42 cm<\/div>\n<p>______________________________________________________<\/p>\n<p>*ENV\u00cdOS: PROPIOS A TRAV\u00c9S DE NUESTRA FLOTA DE CAMIONES.<\/p>\n<p>*RETIRA: DE LUNES A VIERNES DE 8 A 5 PM POR PONTEVEDRA, MERLO.<\/p>\n","protected":false},"excerpt":{"rendered":"<p>PUPITRE UNIPERSONAL ANTIGOLPE _______________________________________________________ GARANT\u00cdA POR 6 MESES | Todos los medios de pago | Factura A y B _______________________________________________________ ESPECIFICACIONES T\u00c9CNICAS PUPITRE: &#8211; ESTRUCTURA DE CA\u00d1O 1&#8243; 1\/4&#8243; X 1.24 MM DE ESPESOR. &#8211; TAPA DE 18 MM DE MULTILAMINADO CON LAMINADO PL\u00c1STICO EN SU PARTE SUPERIOR. CANTOS LAQUEADOS Y REDONDEADOS. &#8211; ESTRUCTURA EN [&#8230;]\n","protected":false},"featured_media":143,"template":"","meta":{"_joinchat":{"telephone":"+542204923665","message_text":"\u00a1Env\u00edenos su consulta y con gusto le responderemos!","message_send":"\u00a1Hola!\nEstoy en la p\u00e1gina de Royal Door y me gustar\u00eda obtener m\u00e1s informaci\u00f3n sobre {PRODUCT} por favor."}},"yoast_head":"<!-- This site is optimized with the Yoast SEO plugin v22.7 - https:\/\/yoast.com\/wordpress\/plugins\/seo\/ -->\n<title>Pupitre Unipersonal Antigolpe - RoyalDoor<\/title>\n<meta name=\"description\" content=\"Pupitre Unipersonal Antigolpe - Para escuelas y universidades. Fabricante directo. Royal Door SRL.\" \/>\n<meta name=\"robots\" content=\"index, follow, max-snippet:-1, max-image-preview:large, max-video-preview:-1\" \/>\n<link rel=\"canonical\" href=\"https:\/\/royaldoor.com.ar\/home\/producto\/pupitre-unipersonal-antigolpe\/\" \/>\n<meta property=\"og:locale\" content=\"es_ES\" \/>\n<meta property=\"og:type\" content=\"article\" \/>\n<meta property=\"og:title\" content=\"Pupitre Unipersonal Antigolpe - RoyalDoor\" \/>\n<meta property=\"og:description\" content=\"Pupitre Unipersonal Antigolpe - Para escuelas y universidades. Fabricante directo. Royal Door SRL.\" \/>\n<meta property=\"og:url\" content=\"https:\/\/royaldoor.com.ar\/home\/producto\/pupitre-unipersonal-antigolpe\/\" \/>\n<meta property=\"og:site_name\" content=\"RoyalDoor\" \/>\n<meta property=\"article:modified_time\" content=\"2024-02-07T12:07:23+00:00\" \/>\n<meta property=\"og:image\" content=\"https:\/\/royaldoor.com.ar\/home\/wp-content\/uploads\/pupitre-unipersonal-antigolpe.jpg\" \/>\n\t<meta property=\"og:image:width\" content=\"300\" \/>\n\t<meta property=\"og:image:height\" content=\"300\" \/>\n\t<meta property=\"og:image:type\" content=\"image\/jpeg\" \/>\n<meta name=\"twitter:card\" content=\"summary_large_image\" \/>\n<meta name=\"twitter:label1\" content=\"Tiempo de lectura\" \/>\n\t<meta name=\"twitter:data1\" content=\"1 minuto\" \/>\n<script type=\"application\/ld+json\" class=\"yoast-schema-graph\">{\"@context\":\"https:\/\/schema.org\",\"@graph\":[{\"@type\":\"WebPage\",\"@id\":\"https:\/\/royaldoor.com.ar\/home\/producto\/pupitre-unipersonal-antigolpe\/\",\"url\":\"https:\/\/royaldoor.com.ar\/home\/producto\/pupitre-unipersonal-antigolpe\/\",\"name\":\"Pupitre Unipersonal Antigolpe - RoyalDoor\",\"isPartOf\":{\"@id\":\"https:\/\/royaldoor.com.ar\/home\/#website\"},\"primaryImageOfPage\":{\"@id\":\"https:\/\/royaldoor.com.ar\/home\/producto\/pupitre-unipersonal-antigolpe\/#primaryimage\"},\"image\":{\"@id\":\"https:\/\/royaldoor.com.ar\/home\/producto\/pupitre-unipersonal-antigolpe\/#primaryimage\"},\"thumbnailUrl\":\"https:\/\/royaldoor.com.ar\/home\/wp-content\/uploads\/pupitre-unipersonal-antigolpe.jpg\",\"datePublished\":\"2019-03-22T13:10:46+00:00\",\"dateModified\":\"2024-02-07T12:07:23+00:00\",\"description\":\"Pupitre Unipersonal Antigolpe - Para escuelas y universidades. Fabricante directo. Royal Door SRL.\",\"breadcrumb\":{\"@id\":\"https:\/\/royaldoor.com.ar\/home\/producto\/pupitre-unipersonal-antigolpe\/#breadcrumb\"},\"inLanguage\":\"es\",\"potentialAction\":[{\"@type\":\"ReadAction\",\"target\":[\"https:\/\/royaldoor.com.ar\/home\/producto\/pupitre-unipersonal-antigolpe\/\"]}]},{\"@type\":\"ImageObject\",\"inLanguage\":\"es\",\"@id\":\"https:\/\/royaldoor.com.ar\/home\/producto\/pupitre-unipersonal-antigolpe\/#primaryimage\",\"url\":\"https:\/\/royaldoor.com.ar\/home\/wp-content\/uploads\/pupitre-unipersonal-antigolpe.jpg\",\"contentUrl\":\"https:\/\/royaldoor.com.ar\/home\/wp-content\/uploads\/pupitre-unipersonal-antigolpe.jpg\",\"width\":300,\"height\":300},{\"@type\":\"BreadcrumbList\",\"@id\":\"https:\/\/royaldoor.com.ar\/home\/producto\/pupitre-unipersonal-antigolpe\/#breadcrumb\",\"itemListElement\":[{\"@type\":\"ListItem\",\"position\":1,\"name\":\"Portada\",\"item\":\"https:\/\/royaldoor.com.ar\/home\/\"},{\"@type\":\"ListItem\",\"position\":2,\"name\":\"Productos\",\"item\":\"https:\/\/royaldoor.com.ar\/home\/productos\/\"},{\"@type\":\"ListItem\",\"position\":3,\"name\":\"Pupitre Unipersonal Antigolpe\"}]},{\"@type\":\"WebSite\",\"@id\":\"https:\/\/royaldoor.com.ar\/home\/#website\",\"url\":\"https:\/\/royaldoor.com.ar\/home\/\",\"name\":\"RoyalDoor\",\"description\":\"F\u00e1brica de muebles\",\"potentialAction\":[{\"@type\":\"SearchAction\",\"target\":{\"@type\":\"EntryPoint\",\"urlTemplate\":\"https:\/\/royaldoor.com.ar\/home\/?s={search_term_string}\"},\"query-input\":\"required name=search_term_string\"}],\"inLanguage\":\"es\"}]}<\/script>\n<!-- \/ Yoast SEO plugin. -->","yoast_head_json":{"title":"Pupitre Unipersonal Antigolpe - RoyalDoor","description":"Pupitre Unipersonal Antigolpe - Para escuelas y universidades. Fabricante directo. Royal Door SRL.","robots":{"index":"index","follow":"follow","max-snippet":"max-snippet:-1","max-image-preview":"max-image-preview:large","max-video-preview":"max-video-preview:-1"},"canonical":"https:\/\/royaldoor.com.ar\/home\/producto\/pupitre-unipersonal-antigolpe\/","og_locale":"es_ES","og_type":"article","og_title":"Pupitre Unipersonal Antigolpe - RoyalDoor","og_description":"Pupitre Unipersonal Antigolpe - Para escuelas y universidades. Fabricante directo. Royal Door SRL.","og_url":"https:\/\/royaldoor.com.ar\/home\/producto\/pupitre-unipersonal-antigolpe\/","og_site_name":"RoyalDoor","article_modified_time":"2024-02-07T12:07:23+00:00","og_image":[{"width":300,"height":300,"url":"https:\/\/royaldoor.com.ar\/home\/wp-content\/uploads\/pupitre-unipersonal-antigolpe.jpg","type":"image\/jpeg"}],"twitter_card":"summary_large_image","twitter_misc":{"Tiempo de lectura":"1 minuto"},"schema":{"@context":"https:\/\/schema.org","@graph":[{"@type":"WebPage","@id":"https:\/\/royaldoor.com.ar\/home\/producto\/pupitre-unipersonal-antigolpe\/","url":"https:\/\/royaldoor.com.ar\/home\/producto\/pupitre-unipersonal-antigolpe\/","name":"Pupitre Unipersonal Antigolpe - RoyalDoor","isPartOf":{"@id":"https:\/\/royaldoor.com.ar\/home\/#website"},"primaryImageOfPage":{"@id":"https:\/\/royaldoor.com.ar\/home\/producto\/pupitre-unipersonal-antigolpe\/#primaryimage"},"image":{"@id":"https:\/\/royaldoor.com.ar\/home\/producto\/pupitre-unipersonal-antigolpe\/#primaryimage"},"thumbnailUrl":"https:\/\/royaldoor.com.ar\/home\/wp-content\/uploads\/pupitre-unipersonal-antigolpe.jpg","datePublished":"2019-03-22T13:10:46+00:00","dateModified":"2024-02-07T12:07:23+00:00","description":"Pupitre Unipersonal Antigolpe - Para escuelas y universidades. Fabricante directo. Royal Door SRL.","breadcrumb":{"@id":"https:\/\/royaldoor.com.ar\/home\/producto\/pupitre-unipersonal-antigolpe\/#breadcrumb"},"inLanguage":"es","potentialAction":[{"@type":"ReadAction","target":["https:\/\/royaldoor.com.ar\/home\/producto\/pupitre-unipersonal-antigolpe\/"]}]},{"@type":"ImageObject","inLanguage":"es","@id":"https:\/\/royaldoor.com.ar\/home\/producto\/pupitre-unipersonal-antigolpe\/#primaryimage","url":"https:\/\/royaldoor.com.ar\/home\/wp-content\/uploads\/pupitre-unipersonal-antigolpe.jpg","contentUrl":"https:\/\/royaldoor.com.ar\/home\/wp-content\/uploads\/pupitre-unipersonal-antigolpe.jpg","width":300,"height":300},{"@type":"BreadcrumbList","@id":"https:\/\/royaldoor.com.ar\/home\/producto\/pupitre-unipersonal-antigolpe\/#breadcrumb","itemListElement":[{"@type":"ListItem","position":1,"name":"Portada","item":"https:\/\/royaldoor.com.ar\/home\/"},{"@type":"ListItem","position":2,"name":"Productos","item":"https:\/\/royaldoor.com.ar\/home\/productos\/"},{"@type":"ListItem","position":3,"name":"Pupitre Unipersonal Antigolpe"}]},{"@type":"WebSite","@id":"https:\/\/royaldoor.com.ar\/home\/#website","url":"https:\/\/royaldoor.com.ar\/home\/","name":"RoyalDoor","description":"F\u00e1brica de muebles","potentialAction":[{"@type":"SearchAction","target":{"@type":"EntryPoint","urlTemplate":"https:\/\/royaldoor.com.ar\/home\/?s={search_term_string}"},"query-input":"required name=search_term_string"}],"inLanguage":"es"}]}},"_links":{"self":[{"href":"https:\/\/royaldoor.com.ar\/home\/wp-json\/wp\/v2\/product\/144"}],"collection":[{"href":"https:\/\/royaldoor.com.ar\/home\/wp-json\/wp\/v2\/product"}],"about":[{"href":"https:\/\/royaldoor.com.ar\/home\/wp-json\/wp\/v2\/types\/product"}],"wp:featuredmedia":[{"embeddable":true,"href":"https:\/\/royaldoor.com.ar\/home\/wp-json\/wp\/v2\/media\/143"}],"wp:attachment":[{"href":"https:\/\/royaldoor.com.ar\/home\/wp-json\/wp\/v2\/media?parent=144"}],"curies":[{"name":"wp","href":"https:\/\/api.w.org\/{rel}","templated":true}]}}