{"id":2,"date":"2017-10-20T12:57:11","date_gmt":"2017-10-20T12:57:11","guid":{"rendered":"http:\/\/royaldoor.com.ar\/home\/?page_id=2"},"modified":"2024-02-19T19:00:41","modified_gmt":"2024-02-19T19:00:41","slug":"la-empresa","status":"publish","type":"page","link":"https:\/\/royaldoor.com.ar\/home\/la-empresa\/","title":{"rendered":"La Empresa"},"content":{"rendered":"\n  <div class=\"banner has-hover bg-zoom bg-overlay-remove\" id=\"banner-16793974\">\n          <div class=\"banner-inner fill\">\n        <div class=\"banner-bg fill\" >\n            <div class=\"bg fill bg-fill \"><\/div>\n                        <div class=\"overlay\"><\/div>            \n                    <\/div>\n        <div class=\"banner-layers container\">\n            <div class=\"fill banner-link\"><\/div>            \n   <div id=\"text-box-1904398964\" class=\"text-box banner-layer x50 md-x50 lg-x50 y20 md-y20 lg-y20 res-text\">\n                                <div class=\"text-box-content text dark\">\n              \n              <div class=\"text-inner text-center\">\n                  \n<h3 class=\"uppercase\"><strong>Desde 1976<\/strong><\/h3>\n<p>Fabricamos muebles de ca\u00f1o, desde entonces aunamos tradici\u00f3n y experiencia, que volcamos en nuestros productos para que lleguen a usted de la mejor manera.<\/p>\n              <\/div>\n           <\/div>\n                            \n<style>\n#text-box-1904398964 {\n  width: 56%;\n}\n#text-box-1904398964 .text-box-content {\n  font-size: 100%;\n}\n<\/style>\n    <\/div>\n \n        <\/div>\n      <\/div>\n\n            \n<style>\n#banner-16793974 {\n  padding-top: 390px;\n}\n#banner-16793974 .bg.bg-loaded {\n  background-image: url(https:\/\/royaldoor.com.ar\/home\/wp-content\/uploads\/img1-royaldoor-1024x686.jpg);\n}\n#banner-16793974 .overlay {\n  background-color: rgba(12, 45, 180, 0.5);\n}\n<\/style>\n  <\/div>\n\n\n\t<section class=\"section\" id=\"section_553792835\">\n\t\t<div class=\"bg section-bg fill bg-fill  bg-loaded\" >\n\n\t\t\t\n\t\t\t\n\t\t\t\n\n\t\t<\/div>\n\n\t\t<div class=\"section-content relative\">\n\t\t\t\n<div class=\"row\"  id=\"row-2059064151\">\n\n\t<div id=\"col-392036356\" class=\"col small-12 large-12\"  >\n\t\t\t\t<div class=\"col-inner\"  >\n\t\t\t\n\t\t\t\n<h2>RoyalDoor<\/h2>\n<p>En manos de su director Claudio Veiga , continuo\u0301 una ejemplar trayectoria familiar de fabricacio\u0301n de muebles de can\u0303os iniciada en el domicilio de la calle Balcarce 215 en Merlo, Buenos Aires.<\/p>\n<p>En el an\u0303o 2000, y pese a la complicada situacio\u0301n del mercado, se decidio\u0301 la adquisicio\u0301n de un terreno destinado a la ampliacio\u0301n de la capacidad productiva de la Empresa. Desde el 2003 y hasta su inauguracio\u0301n en el 2006 trabajamos en el disen\u0303o y construccio\u0301n de una Planta Modelo de 3500 m2 sobre un lote de 8500 m2 ubicado sobre la Ruta 21.<\/p>\n<div class=\"row\"  id=\"row-1427782501\">\n\n\t<div id=\"col-50445025\" class=\"col medium-6 small-12 large-6\"  >\n\t\t\t\t<div class=\"col-inner\"  >\n\t\t\t\n\t\t\t\n<h2>Desde el 2006<\/h2>\n<p>Nos trasladamos a nuestra nueva planta, en la localidad de Pontevedra, partido de Merlo; en el que se construy\u00f3 un edificio dividido en varios sectores.<\/p>\n<p>\u2022 Herrer\u00eda<br \/>\u2022 Carpinter\u00eda<br \/>\u2022 Pintura<br \/>\u2022 Despacho<br \/>\u2022 Desarrollo<br \/>\u2022 Administraci\u00f3n<br \/>\u2022 Estacionamiento para Clientes<\/p>\n<p>Esto permite una gran versatilidad en la fabricaci\u00f3n de nuestros productos; debido al espacio disponible y a la maquinaria que incorporamos a nuestras l\u00edneas de producci\u00f3n.<\/p>\n\t\t<\/div>\n\t\t\t\t\t<\/div>\n\n\t\n\n\t<div id=\"col-839041102\" class=\"col medium-6 small-12 large-6\"  >\n\t\t\t\t<div class=\"col-inner\"  >\n\t\t\t\n\t\t\t\n\n  <div class=\"banner has-hover bg-zoom bg-overlay-remove\" id=\"banner-1000609390\">\n          <div class=\"banner-inner fill\">\n        <div class=\"banner-bg fill\" >\n            <div class=\"bg fill bg-fill \"><\/div>\n                        <div class=\"overlay\"><\/div>            \n                    <\/div>\n        <div class=\"banner-layers container\">\n            <div class=\"fill banner-link\"><\/div>            \n   <div id=\"text-box-1493250421\" class=\"text-box banner-layer x50 md-x50 lg-x50 y50 md-y50 lg-y50 res-text\">\n                                <div class=\"text-box-content text dark\">\n              \n              <div class=\"text-inner text-center\">\n                  \n              <\/div>\n           <\/div>\n                            \n<style>\n#text-box-1493250421 {\n  width: 60%;\n}\n#text-box-1493250421 .text-box-content {\n  font-size: 100%;\n}\n<\/style>\n    <\/div>\n \n        <\/div>\n      <\/div>\n\n            \n<style>\n#banner-1000609390 {\n  padding-top: 408px;\n}\n#banner-1000609390 .bg.bg-loaded {\n  background-image: url(https:\/\/royaldoor.com.ar\/home\/wp-content\/uploads\/img2.jpg);\n}\n#banner-1000609390 .overlay {\n  background-color: rgba(12, 70, 156, 0.6);\n}\n<\/style>\n  <\/div>\n\n\n\t\t<\/div>\n\t\t\t\t\t<\/div>\n\n\t\n<\/div>\n\t\t<\/div>\n\t\t\t\t\t<\/div>\n\n\t\n<\/div>\n<div class=\"row align-center\"  id=\"row-103953439\">\n\n\t<div id=\"col-920905768\" class=\"col medium-6 small-10 large-6\"  >\n\t\t\t\t<div class=\"col-inner\"  >\n\t\t\t\n\t\t\t\n<h2>Mision<\/h2>\n<p>Somos una empresa que genera valor agregado para nuestros clientes, abasteciendo un mercado cada vez mas exigente. Trabajamos con el objetivo claro en la fabricaci\u00f3n, comercializaci\u00f3n y distribuci\u00f3n de nuestros productos diferenciarnos as\u00ed de nuestra competencia brindando as\u00ed una mejor calidad y precio en nuestros diferentes canales.<\/p>\n\t\t<\/div>\n\t\t\t\t\t<\/div>\n\n\t\n\n\t<div id=\"col-338345376\" class=\"col medium-6 small-10 large-6\"  >\n\t\t\t\t<div class=\"col-inner\"  >\n\t\t\t\n\t\t\t\n<h2>Vision<\/h2>\n<p>Abastecer cada canal de comercializaci\u00f3n llegando a todos nuestros cliente con mejores oportunidades en precio y el mejor surtido de nuestros productos brindando la calidad que nos diferencia en todo el mercado.<\/p>\n\t\t<\/div>\n\t\t\t\t\t<\/div>\n\n\t\n<\/div>\n<a href=\"https:\/\/royaldoor.com.ar\/home\/productos\/\" target=\"_self\" class=\"button primary expand\"  style=\"border-radius:43px;\">\n    <span>Productos<\/span>\n  <i class=\"icon-menu\" ><\/i><\/a>\n\n\t\t<\/div>\n\n\t\t\n<style>\n#section_553792835 {\n  padding-top: 30px;\n  padding-bottom: 30px;\n}\n<\/style>\n\t<\/section>\n\t\n\n  <div class=\"banner has-hover bg-zoom bg-overlay-remove\" id=\"banner-641651588\">\n          <div class=\"banner-inner fill\">\n        <div class=\"banner-bg fill\" >\n            <div class=\"bg fill bg-fill \"><\/div>\n                        <div class=\"overlay\"><\/div>            \n                    <\/div>\n        <div class=\"banner-layers container\">\n            <div class=\"fill banner-link\"><\/div>            \n   <div id=\"text-box-693308551\" class=\"text-box banner-layer x50 md-x50 lg-x50 y50 md-y50 lg-y50 res-text\">\n                                <div class=\"text-box-content text dark\">\n              \n              <div class=\"text-inner text-center\">\n                  \n<h3 class=\"uppercase\"><strong>nuestra planta<\/strong><\/h3>\n<p>7500 m2<\/p>\n              <\/div>\n           <\/div>\n                            \n<style>\n#text-box-693308551 {\n  width: 60%;\n}\n#text-box-693308551 .text-box-content {\n  font-size: 100%;\n}\n<\/style>\n    <\/div>\n \n        <\/div>\n      <\/div>\n\n            \n<style>\n#banner-641651588 {\n  padding-top: 390px;\n}\n#banner-641651588 .bg.bg-loaded {\n  background-image: url(https:\/\/royaldoor.com.ar\/home\/wp-content\/uploads\/Royaldoor-fabrica-1024x643.jpg);\n}\n#banner-641651588 .overlay {\n  background-color: rgba(12, 70, 156, 0.6);\n}\n<\/style>\n  <\/div>\n\n\n","protected":false},"excerpt":{"rendered":"","protected":false},"author":1,"featured_media":0,"parent":0,"menu_order":0,"comment_status":"closed","ping_status":"closed","template":"","meta":{"_joinchat":[],"footnotes":""},"yoast_head":"<!-- This site is optimized with the Yoast SEO plugin v22.7 - https:\/\/yoast.com\/wordpress\/plugins\/seo\/ -->\n<title>La Empresa - RoyalDoor<\/title>\n<meta name=\"description\" content=\"F\u00e1brica de muebles de Ca\u00f1o, para el Hogar y jard\u00edn, oficina y educaci\u00f3n. Todos nuestros productos se realizan con materia prima de alcalidad, con dise\u00f1os est\u00e1ndares y modernos.\" \/>\n<meta name=\"robots\" content=\"index, follow, max-snippet:-1, max-image-preview:large, max-video-preview:-1\" \/>\n<link rel=\"canonical\" href=\"https:\/\/royaldoor.com.ar\/home\/la-empresa\/\" \/>\n<meta property=\"og:locale\" content=\"es_ES\" \/>\n<meta property=\"og:type\" content=\"article\" \/>\n<meta property=\"og:title\" content=\"La Empresa - RoyalDoor\" \/>\n<meta property=\"og:description\" content=\"F\u00e1brica de muebles de Ca\u00f1o, para el Hogar y jard\u00edn, oficina y educaci\u00f3n. Todos nuestros productos se realizan con materia prima de alcalidad, con dise\u00f1os est\u00e1ndares y modernos.\" \/>\n<meta property=\"og:url\" content=\"https:\/\/royaldoor.com.ar\/home\/la-empresa\/\" \/>\n<meta property=\"og:site_name\" content=\"RoyalDoor\" \/>\n<meta property=\"article:modified_time\" content=\"2024-02-19T19:00:41+00:00\" \/>\n<meta name=\"twitter:card\" content=\"summary_large_image\" \/>\n<meta name=\"twitter:label1\" content=\"Tiempo de lectura\" \/>\n\t<meta name=\"twitter:data1\" content=\"2 minutos\" \/>\n<script type=\"application\/ld+json\" class=\"yoast-schema-graph\">{\"@context\":\"https:\/\/schema.org\",\"@graph\":[{\"@type\":\"WebPage\",\"@id\":\"https:\/\/royaldoor.com.ar\/home\/la-empresa\/\",\"url\":\"https:\/\/royaldoor.com.ar\/home\/la-empresa\/\",\"name\":\"La Empresa - RoyalDoor\",\"isPartOf\":{\"@id\":\"https:\/\/royaldoor.com.ar\/home\/#website\"},\"datePublished\":\"2017-10-20T12:57:11+00:00\",\"dateModified\":\"2024-02-19T19:00:41+00:00\",\"description\":\"F\u00e1brica de muebles de Ca\u00f1o, para el Hogar y jard\u00edn, oficina y educaci\u00f3n. Todos nuestros productos se realizan con materia prima de alcalidad, con dise\u00f1os est\u00e1ndares y modernos.\",\"breadcrumb\":{\"@id\":\"https:\/\/royaldoor.com.ar\/home\/la-empresa\/#breadcrumb\"},\"inLanguage\":\"es\",\"potentialAction\":[{\"@type\":\"ReadAction\",\"target\":[\"https:\/\/royaldoor.com.ar\/home\/la-empresa\/\"]}]},{\"@type\":\"BreadcrumbList\",\"@id\":\"https:\/\/royaldoor.com.ar\/home\/la-empresa\/#breadcrumb\",\"itemListElement\":[{\"@type\":\"ListItem\",\"position\":1,\"name\":\"Portada\",\"item\":\"https:\/\/royaldoor.com.ar\/home\/\"},{\"@type\":\"ListItem\",\"position\":2,\"name\":\"La Empresa\"}]},{\"@type\":\"WebSite\",\"@id\":\"https:\/\/royaldoor.com.ar\/home\/#website\",\"url\":\"https:\/\/royaldoor.com.ar\/home\/\",\"name\":\"RoyalDoor\",\"description\":\"F\u00e1brica de muebles\",\"potentialAction\":[{\"@type\":\"SearchAction\",\"target\":{\"@type\":\"EntryPoint\",\"urlTemplate\":\"https:\/\/royaldoor.com.ar\/home\/?s={search_term_string}\"},\"query-input\":\"required name=search_term_string\"}],\"inLanguage\":\"es\"}]}<\/script>\n<!-- \/ Yoast SEO plugin. -->","yoast_head_json":{"title":"La Empresa - RoyalDoor","description":"F\u00e1brica de muebles de Ca\u00f1o, para el Hogar y jard\u00edn, oficina y educaci\u00f3n. Todos nuestros productos se realizan con materia prima de alcalidad, con dise\u00f1os est\u00e1ndares y modernos.","robots":{"index":"index","follow":"follow","max-snippet":"max-snippet:-1","max-image-preview":"max-image-preview:large","max-video-preview":"max-video-preview:-1"},"canonical":"https:\/\/royaldoor.com.ar\/home\/la-empresa\/","og_locale":"es_ES","og_type":"article","og_title":"La Empresa - RoyalDoor","og_description":"F\u00e1brica de muebles de Ca\u00f1o, para el Hogar y jard\u00edn, oficina y educaci\u00f3n. Todos nuestros productos se realizan con materia prima de alcalidad, con dise\u00f1os est\u00e1ndares y modernos.","og_url":"https:\/\/royaldoor.com.ar\/home\/la-empresa\/","og_site_name":"RoyalDoor","article_modified_time":"2024-02-19T19:00:41+00:00","twitter_card":"summary_large_image","twitter_misc":{"Tiempo de lectura":"2 minutos"},"schema":{"@context":"https:\/\/schema.org","@graph":[{"@type":"WebPage","@id":"https:\/\/royaldoor.com.ar\/home\/la-empresa\/","url":"https:\/\/royaldoor.com.ar\/home\/la-empresa\/","name":"La Empresa - RoyalDoor","isPartOf":{"@id":"https:\/\/royaldoor.com.ar\/home\/#website"},"datePublished":"2017-10-20T12:57:11+00:00","dateModified":"2024-02-19T19:00:41+00:00","description":"F\u00e1brica de muebles de Ca\u00f1o, para el Hogar y jard\u00edn, oficina y educaci\u00f3n. Todos nuestros productos se realizan con materia prima de alcalidad, con dise\u00f1os est\u00e1ndares y modernos.","breadcrumb":{"@id":"https:\/\/royaldoor.com.ar\/home\/la-empresa\/#breadcrumb"},"inLanguage":"es","potentialAction":[{"@type":"ReadAction","target":["https:\/\/royaldoor.com.ar\/home\/la-empresa\/"]}]},{"@type":"BreadcrumbList","@id":"https:\/\/royaldoor.com.ar\/home\/la-empresa\/#breadcrumb","itemListElement":[{"@type":"ListItem","position":1,"name":"Portada","item":"https:\/\/royaldoor.com.ar\/home\/"},{"@type":"ListItem","position":2,"name":"La Empresa"}]},{"@type":"WebSite","@id":"https:\/\/royaldoor.com.ar\/home\/#website","url":"https:\/\/royaldoor.com.ar\/home\/","name":"RoyalDoor","description":"F\u00e1brica de muebles","potentialAction":[{"@type":"SearchAction","target":{"@type":"EntryPoint","urlTemplate":"https:\/\/royaldoor.com.ar\/home\/?s={search_term_string}"},"query-input":"required name=search_term_string"}],"inLanguage":"es"}]}},"_links":{"self":[{"href":"https:\/\/royaldoor.com.ar\/home\/wp-json\/wp\/v2\/pages\/2"}],"collection":[{"href":"https:\/\/royaldoor.com.ar\/home\/wp-json\/wp\/v2\/pages"}],"about":[{"href":"https:\/\/royaldoor.com.ar\/home\/wp-json\/wp\/v2\/types\/page"}],"author":[{"embeddable":true,"href":"https:\/\/royaldoor.com.ar\/home\/wp-json\/wp\/v2\/users\/1"}],"replies":[{"embeddable":true,"href":"https:\/\/royaldoor.com.ar\/home\/wp-json\/wp\/v2\/comments?post=2"}],"version-history":[{"count":28,"href":"https:\/\/royaldoor.com.ar\/home\/wp-json\/wp\/v2\/pages\/2\/revisions"}],"predecessor-version":[{"id":814,"href":"https:\/\/royaldoor.com.ar\/home\/wp-json\/wp\/v2\/pages\/2\/revisions\/814"}],"wp:attachment":[{"href":"https:\/\/royaldoor.com.ar\/home\/wp-json\/wp\/v2\/media?parent=2"}],"curies":[{"name":"wp","href":"https:\/\/api.w.org\/{rel}","templated":true}]}}